{"id":13,"date":"2015-06-28T12:42:57","date_gmt":"2015-06-28T10:42:57","guid":{"rendered":"http:\/\/pasieka.szczebrzeszyn.info\/?page_id=13"},"modified":"2015-06-28T12:42:57","modified_gmt":"2015-06-28T10:42:57","slug":"ciekawostki","status":"publish","type":"page","link":"http:\/\/pasieka.szczebrzeszyn.info\/?page_id=13","title":{"rendered":"Ciekawostki"},"content":{"rendered":"<p>Par\u0119 rzeczy o kt\u00f3rych wiedz\u0105 pszczelarze:<\/p>\n<p>Pszczo\u0142a robotnica wylatuje z ula po nektar pi\u0119\u0107 razy w ci\u0105gu dnia<\/p>\n<p>Obecnie prawo okre\u015bla na jakiej podstawie mi\u00f3d jest klasyfikowany jako pochodz\u0105cy od danej ro\u015bliny. Obecnie jest to zawarto\u015b\u0107 50% py\u0142ku danej ro\u015bliny w stosunku do py\u0142k\u00f3w innych ro\u015blin. To wystarczy aby nada\u0107 nazw\u0119 pochodz\u0105ca od py\u0142ku ro\u015bliny dominuj\u0105cej. Zasada ta nie dotyczy miodu lipowego w kt\u00f3rym wystarczy 20% py\u0142ku lipy. W przypadku braku 50% dominacji py\u0142ku jednej ro\u015bliny mi\u00f3d okre\u015blamy nazw\u0105 wielokwiat.<\/p>\n<p>Nazewnictwo miod\u00f3w nie obejmuje takich nazw jak mi\u00f3d wiosenny, letni, le\u015bny itp. poniewa\u017c ich nazwa nie jest okre\u015blona na podstawie zawarto\u015bci py\u0142ku ro\u015bliny dominuj\u0105cej.<\/p>\n<p>Obecnie rasa pszcz\u00f3\u0142 pierwotnie zajmuj\u0105cych obszar Polski zosta\u0142a wyparta. Pszczo\u0142a \u015brodkowoeuropejska mimo swoich walor\u00f3w zosta\u0142a powoli zast\u0105piona lub przekrzy\u017cowa\u0142a z innymi rasami. Obecnie wie linie tej rasy: Augustowska i Kampinoska zosta\u0142y zachowane w swojej pierwotnej formie w rejonach naturalnego wyst\u0119powania (Puszcza Augustowska i Kampinoski Park Narodowy), a dwie nast\u0119pne P\u00f3\u0142nocna i Asta zosta\u0142y udoskonalone przy zachowaniu najcenniejszych cech pszcz\u00f3\u0142 rodzimych.<\/p>\n<p>Zadania pszcz\u00f3\u0142 robotnic s\u0105 uzale\u017cnione od ich wieku. 6-9 dniowe karmi\u0105 mleczkiem m\u0142ode larwy, od 10 do 18 dnia \u017cycia buduj\u0105 plastry (funkcjonuj\u0105 u nich gruczo\u0142y woskowe umieszczone w dolnej cz\u0119\u015bci odw\u0142oka). Mi\u0119dzy 18 a 20 dniem \u017cycia pe\u0142ni\u0105 funkcje stra\u017cnicze.<\/p>\n<p>Matka \u017cyje ok. 5 lat, Robotnice \u017cyj\u0105 ok. 38 dni latem i 6 miesi\u0119cy zim\u0105.<br \/>\nW j\u0119zyku polskim i litewskim o wszystkich innych owadach i zwierz\u0119tach m\u00f3wi si\u0119, \u017ce &#8222;zdychaj\u0105&#8221; natomiast pszczo\u0142a &#8222;umiera&#8221;.<br \/>\nPszczo\u0142a posiada aparat \u017c\u0105d\u0142owy, kt\u00f3rego u\u017cycie w przypadku cz\u0142owieka ko\u0144czy si\u0119 dla niej tragicznie, pszczo\u0142a ginie. Je\u015bli za\u015b u\u017c\u0105dli inn\u0105 pszczo\u0142\u0119 lub os\u0119, mo\u017ce \u017c\u0105d\u0142o wyci\u0105gn\u0105\u0107 bez problem\u00f3w.<\/p>\n<p>Pszczo\u0142y \u017cyj\u0105ce w barciach w lesie nazywano w Polsce &#8222;bor\u00f3wkami&#8221;, natomiast m\u0142ode nied\u017awiedzie dobieraj\u0105ce si\u0119 do barci nazywano &#8222;bartniczkami&#8221;. Aby uchroni\u0107 bor\u00f3wki przed bartniczkiem, zawieszano przed wej\u015bciem do barci drewniany kloc, kt\u00f3ry zas\u0142ania\u0142 otw\u00f3r. Zez\u0142oszczony nied\u017awiadek uderza\u0142 \u0142ap\u0105 w kloc, ten odsuwa\u0142 si\u0119, a nast\u0119pnie, rozko\u0142ysany przez zniecierpliwione zwierz\u0119, powraca\u0142 z impetem na miejsce w\u0142a\u015bnie w chwili, gdy nied\u017awiadek pr\u00f3bowa\u0142 wygarn\u0105\u0107 mi\u00f3d. Ko\u0144czy\u0142o si\u0119 to upadkiem nied\u017awiedzia lub jego sromotn\u0105 rejterad\u0105. Takie urz\u0105dzenie nazywano dzwonem lub\u00a0samobitni\u0105.<\/p>\n<p>Mi\u00f3d spadziowy nie nadaje si\u0119 dla pszcz\u00f3\u0142 na zapasy zimowe, gdy\u017c w przeciwie\u0144stwie do miod\u00f3w z nektaru kwiatowego zawiera du\u017ce ilo\u015bci soli mineralnych, kt\u00f3re pszczo\u0142y \u017ale trawi\u0105. Jego udzia\u0142 w zimowej diecie mo\u017ce by\u0107 przyczyn\u0105 zimowej biegunki pszcz\u00f3\u0142, a nawet osypania si\u0119 (\u015bmierci) ca\u0142ego roju.<br \/>\nB\u0142\u0119dnie uwa\u017ca si\u0119, \u017ce kr\u00f3lowe-matki nie posiadaj\u0105 \u017c\u0105d\u0142a &#8211; u\u017cywaj\u0105 go jednak tylko do walk z innymi matkami<\/p>\n<p>pszczo\u0142a potrafi lecie\u0107 z pr\u0119dko\u015bci\u0105 25 km\/godz,<\/p>\n<p>Dojrza\u0142y mi\u00f3d zawiera tylko ok. 18% wody i jest poszywany pokrywk\u0105 z wosku.<br \/>\nOwady te wykazuj\u0105 si\u0119 tzw. &#8222;wierno\u015bci\u0105 kwiatow\u0105&#8221;, kt\u00f3ra polega na tym, i\u017c wykorzystuj\u0105 po\u017cytek najliczniej wyst\u0119puj\u0105cy na danym terenie i w najwi\u0119kszym skupieniu przez ca\u0142y okres jego wyst\u0119powania.<\/p>\n<p>Po u\u017c\u0105dleniu przez pszczo\u0142\u0119 natychmiast pojawia si\u0119 obrz\u0119k sk\u00f3ry, kt\u00f3ra staje si\u0119 napi\u0119ta i zaczerwieniona, odczuwa si\u0119 silny, piek\u0105cy b\u00f3l. Ten sam jad pszczeli (Apis mellifica) w przyrz\u0105dzony jako lek homeopatyczny podany wewn\u0119trznie lub zewn\u0119trznie na miejsce uk\u0105szenia, powoduje zmniejszenie b\u00f3lu, a obrz\u0119k i zaczerwienienie ust\u0119puj\u0105.<\/p>\n<p>&nbsp;<\/p>\n","protected":false},"excerpt":{"rendered":"<p>Par\u0119 rzeczy o kt\u00f3rych wiedz\u0105 pszczelarze: Pszczo\u0142a robotnica wylatuje z ula po nektar pi\u0119\u0107 razy w ci\u0105gu dnia Obecnie prawo okre\u015bla na jakiej podstawie mi\u00f3d jest klasyfikowany jako pochodz\u0105cy od danej ro\u015bliny. Obecnie jest to zawarto\u015b\u0107 50% py\u0142ku danej ro\u015bliny w stosunku do py\u0142k\u00f3w innych ro\u015blin. To wystarczy aby nada\u0107 nazw\u0119 pochodz\u0105ca od py\u0142ku ro\u015bliny &hellip; <a href=\"http:\/\/pasieka.szczebrzeszyn.info\/?page_id=13\" class=\"more-link\">Czytaj dalej <span class=\"screen-reader-text\">Ciekawostki<\/span> <span class=\"meta-nav\">&rarr;<\/span><\/a><\/p>\n","protected":false},"author":1,"featured_media":0,"parent":0,"menu_order":4,"comment_status":"closed","ping_status":"open","template":"","meta":[],"_links":{"self":[{"href":"http:\/\/pasieka.szczebrzeszyn.info\/index.php?rest_route=\/wp\/v2\/pages\/13"}],"collection":[{"href":"http:\/\/pasieka.szczebrzeszyn.info\/index.php?rest_route=\/wp\/v2\/pages"}],"about":[{"href":"http:\/\/pasieka.szczebrzeszyn.info\/index.php?rest_route=\/wp\/v2\/types\/page"}],"author":[{"embeddable":true,"href":"http:\/\/pasieka.szczebrzeszyn.info\/index.php?rest_route=\/wp\/v2\/users\/1"}],"replies":[{"embeddable":true,"href":"http:\/\/pasieka.szczebrzeszyn.info\/index.php?rest_route=%2Fwp%2Fv2%2Fcomments&post=13"}],"version-history":[{"count":1,"href":"http:\/\/pasieka.szczebrzeszyn.info\/index.php?rest_route=\/wp\/v2\/pages\/13\/revisions"}],"predecessor-version":[{"id":14,"href":"http:\/\/pasieka.szczebrzeszyn.info\/index.php?rest_route=\/wp\/v2\/pages\/13\/revisions\/14"}],"wp:attachment":[{"href":"http:\/\/pasieka.szczebrzeszyn.info\/index.php?rest_route=%2Fwp%2Fv2%2Fmedia&parent=13"}],"curies":[{"name":"wp","href":"https:\/\/api.w.org\/{rel}","templated":true}]}}