{"id":9,"date":"2015-06-28T12:39:35","date_gmt":"2015-06-28T10:39:35","guid":{"rendered":"http:\/\/pasieka.szczebrzeszyn.info\/?page_id=9"},"modified":"2022-06-10T13:21:24","modified_gmt":"2022-06-10T11:21:24","slug":"oferta","status":"publish","type":"page","link":"http:\/\/pasieka.szczebrzeszyn.info\/?page_id=9","title":{"rendered":"Oferta"},"content":{"rendered":"<p>Nasza oferta skierowana jest do klient\u00f3w indywidualnych. Proponujemy s\u0142oje 0,9 kg oraz 0,45 kg. Gwarantujemy jako\u015b\u0107 produkt\u00f3w kt\u00f3re pochodz\u0105 z okolic Szczebrzeszyna i oznaczone s\u0105 etykietami naszej pasieki. Mog\u0105 by\u0107 dobrym prezentem dla turyst\u00f3w oraz go\u015bci. Oferta miod\u00f3w jest limitowana<br \/>\ni obecnie zawiera:<\/p>\n<p><strong>Wielokwiatowy jasny S\u0142oik 0,9 kg; S\u0142oik 0,45 kg<br \/>\n<\/strong><\/p>\n<p>Jest to mi\u00f3d o jasnym s\u0142omkowym kolorze. Pochodzi z kwiat\u00f3w wiosennych oraz kwitn\u0105cych drzew. Jest miodem o delikatnym smaku i lekko woskowym zapachu. Ma wiele witamin, dzia\u0142a antyseptycznie, mo\u017ce by\u0107 r\u00f3wnie\u017c u\u017cywany w niedokrwisto\u015bci i mia\u017cd\u017cycy. Sk\u0142ad miod\u00f3w wielokwiatowych mo\u017ce by\u0107 r\u00f3\u017cnorodny. Ten wiosenny, podkre\u015bla smak owoc\u00f3w i napoj\u00f3w. Orze\u017awia a nie rozgrzewa, jak miody ciemne.<\/p>\n<p><strong>Wielokwiatowy ciemny S\u0142oik 0,9 kg; S\u0142oik 0,45 kg<br \/>\n<\/strong><\/p>\n<p>Jest to mi\u00f3d o ciemnym s\u0142omkowym kolorze. Pochodzi z kwiat\u00f3w p\u00f3\u017anego lata oraz jesieni. Ma delikatny smak i pi\u0119kny wygl\u0105d. Polecany jest do leczenia schorze\u0144 alergicznych i dr\u00f3g oddechowych np. astmie. Warto mie\u0107 go przy sobie w ch\u0142odne dni gdy\u017c dzi\u0119ki zawartemu propolisowi oraz woskom wyg\u0142adza usta. Nale\u017cy pami\u0119ta\u0107, \u017ce mi\u00f3d wielokwiatowy stanowi cz\u0119sto baz\u0119 dla wielu kosmetyk\u00f3w kt\u00f3re mo\u017cemy nim skutecznie zast\u0105pi\u0107.<\/p>\n<p><strong>Lipowy S\u0142oik 0,9 kg; S\u0142oik 0,45 kg<br \/>\n<\/strong><\/p>\n<p>Mi\u00f3d koloru \u017c\u00f3\u0142tego lub zielonkawo \u017c\u00f3\u0142tego. Ostry w smaku z posmakiem goryczki. Lipa zazwyczaj sadzona jest przy drogach i w parkach co mo\u017ce obni\u017ca\u0107 warto\u015b\u0107 miodu. Okolice Szczebrzeszyna charakteryzuj\u0105 si\u0119 ma\u0142o nasilonym ruchem oraz ma\u0142o zag\u0119szczonym zaludnieniem w zwi\u0105zku z czym mi\u00f3d pochodzi przede wszystkim z otaczaj\u0105cych las\u00f3w oraz zadrzewie\u0144 \u015br\u00f3dpolnych. Gwarantuje to dobra jako\u015b\u0107 nektaru a tym samym miodu. Ze wzgl\u0119du na dzia\u0142anie przeciwgor\u0105czkowe, napotne, wykrztu\u015bne oraz zawarto\u015b\u0107 witaminy C jest polecany w profilaktyce oraz leczeniu przezi\u0119bienia. Za\u017cywanie tego miodu podczas choroby \u0142agodzi objawy oraz przyspiesza proces zdrowienia. .\u0141y\u017ceczka miodu podana doustnie \u0142agodzi b\u00f3l gard\u0142a.<\/p>\n<p><strong>Rzepakowy S\u0142oik 0,9 kg; S\u0142oik 0,45 kg<br \/>\n<\/strong><\/p>\n<p>Mi\u00f3d koloru s\u0142omkowego. Ma bardzo wyrazisty smak z woni\u0105 kwiatu rzepaku. Ze wzgl\u0119du na du\u017c\u0105 zawarto\u015b\u0107 glukozy i aminokwas\u00f3w jest doskona\u0142y w rekonwalescencji i po du\u017cym wysi\u0142ku, szczeg\u00f3lnie umys\u0142owym. Dodatkowo polecany jest na schorzenia r\u00f3\u017cnych organ\u00f3w wewn\u0119trznych. Zalet\u0105 miodu jest d\u0142ugie utrzymywanie si\u0119 postaci \u201esmalcowatej\u201d czyli nieca\u0142kowicie skrystalizowanej. Dzi\u0119ki temu \u0142atwo go rozsmarowa\u0107 i nie sp\u0142ywa z pieczywa lub \u0142y\u017cki.<\/p>\n<p><strong>Faceliowy S\u0142oik 1,3 kg; S\u0142oik 0,5 kg<br \/>\n<\/strong><\/p>\n<p>Jest odmian\u0105 miodu kwiatowego. Pochodzi z nektaru Facelii b\u0142\u0119kitnej (Phacelia tanacetifolia Benth.). Zbierany jest przez pszczo\u0142y w czerwcu. Ma barw\u0119 s\u0142omkow\u0105, ciemniejsz\u0105 od wielokwiatu jasnego, czasem zielonkaw\u0105. Przypomina mi\u00f3d akacjowy, jednak jest lekko kwaskowaty i bardziej aromatyczny. Wzmacnia organizm i wspomaga leczenie. W leczeniu przezi\u0119bienia jest r\u00f3wnie skuteczny jak mi\u00f3d rzepakowy. Tak jak wielokwiat jasny nadaje si\u0119 do s\u0142odzenia napoi oraz potraw. Stanowi rzadko\u015b\u0107 poniewa\u017c facelia jest siana prawie wy\u0142\u0105cznie jako ro\u015blina miododajna i stanowi niewielki odsetek upraw.<\/p>\n<p><strong>Grykowy S\u0142oik 1,3 kg; S\u0142oik 0,5 kg<br \/>\n<\/strong><\/p>\n<p>Jest najciemniejszym z oferowanych miod\u00f3w. Ma wyrazisty ostry smak, bywa lekko piek\u0105cy. Szczeg\u00f3lnie lubiany jest przez znawc\u00f3w miodu, mniej natomiast lubiany przez dzieci. Dzi\u0119ki wyrazistemu aromatowi jest doskona\u0142y do wypiek\u00f3w i miod\u00f3w pitnych. Dodatkowo zawiera spor\u0105 ilo\u015b\u0107 substancji lotnych, soli mineralnych, enzym\u00f3w, rutyny. Cz\u0119sto stosowany jest w schorzeniach uk\u0142adu kr\u0105\u017cenia, mia\u017cd\u017cycy, po du\u017cych wysi\u0142kach lub przy os\u0142abieniu pami\u0119ci. Dobrym pomys\u0142em jest wzbogacenie diety o ten mi\u00f3d poniewa\u017c wspomaga wch\u0142anianie \u017celaza. Mi\u00f3d grykowy jest dobrym substytutem cukru nadaj\u0105cym herbacie lub kawie miodowy aromat. Ma w\u0142a\u015bciwo\u015bci bakteriob\u00f3jcze dzi\u0119ki czemu hamuje rozw\u00f3j bakterii, pierwotniak\u00f3w i paciorkowc\u00f3w oraz grzyb\u00f3w. Dzi\u0119ki niskiemu st\u0119\u017ceniu antybiotyku nie zagra\u017ca florze jelitowej.<\/p>\n<p><strong>Spadziowy S\u0142oik 0,9 kg; S\u0142oik 0,45<br \/>\n<\/strong><\/p>\n<p>*W zwi\u0105zku ze zwi\u0119kszona g\u0119sto\u015bci\u0105 miodu zak\u0142adamy i\u017c 1 litr produktu wa\u017cy 1,4 kg<\/p>\n","protected":false},"excerpt":{"rendered":"<p>Nasza oferta skierowana jest do klient\u00f3w indywidualnych. Proponujemy s\u0142oje 0,9 kg oraz 0,45 kg. Gwarantujemy jako\u015b\u0107 produkt\u00f3w kt\u00f3re pochodz\u0105 z okolic Szczebrzeszyna i oznaczone s\u0105 etykietami naszej pasieki. Mog\u0105 by\u0107 dobrym prezentem dla turyst\u00f3w oraz go\u015bci. Oferta miod\u00f3w jest limitowana i obecnie zawiera: Wielokwiatowy jasny S\u0142oik 0,9 kg; S\u0142oik 0,45 kg Jest to mi\u00f3d o &hellip; <a href=\"http:\/\/pasieka.szczebrzeszyn.info\/?page_id=9\" class=\"more-link\">Czytaj dalej <span class=\"screen-reader-text\">Oferta<\/span> <span class=\"meta-nav\">&rarr;<\/span><\/a><\/p>\n","protected":false},"author":1,"featured_media":0,"parent":0,"menu_order":3,"comment_status":"closed","ping_status":"open","template":"","meta":[],"_links":{"self":[{"href":"http:\/\/pasieka.szczebrzeszyn.info\/index.php?rest_route=\/wp\/v2\/pages\/9"}],"collection":[{"href":"http:\/\/pasieka.szczebrzeszyn.info\/index.php?rest_route=\/wp\/v2\/pages"}],"about":[{"href":"http:\/\/pasieka.szczebrzeszyn.info\/index.php?rest_route=\/wp\/v2\/types\/page"}],"author":[{"embeddable":true,"href":"http:\/\/pasieka.szczebrzeszyn.info\/index.php?rest_route=\/wp\/v2\/users\/1"}],"replies":[{"embeddable":true,"href":"http:\/\/pasieka.szczebrzeszyn.info\/index.php?rest_route=%2Fwp%2Fv2%2Fcomments&post=9"}],"version-history":[{"count":8,"href":"http:\/\/pasieka.szczebrzeszyn.info\/index.php?rest_route=\/wp\/v2\/pages\/9\/revisions"}],"predecessor-version":[{"id":58,"href":"http:\/\/pasieka.szczebrzeszyn.info\/index.php?rest_route=\/wp\/v2\/pages\/9\/revisions\/58"}],"wp:attachment":[{"href":"http:\/\/pasieka.szczebrzeszyn.info\/index.php?rest_route=%2Fwp%2Fv2%2Fmedia&parent=9"}],"curies":[{"name":"wp","href":"https:\/\/api.w.org\/{rel}","templated":true}]}}